t of 42919?
9
What is the ten thousands digit of 12500?
1
What is the tens digit of 85?
8
What is the units digit of 4670?
0
What is the ten thousands digit of 13297?
1
What is the hundreds digit of 1952?
9
What is the tens digit of 9438?
3
What is the hundreds digit of 325?
3
What is the hundreds digit of 28494?
4
What is the ten thousands digit of 26147?
2
What is the ten thousands digit of 36034?
3
What is the hundreds digit of 12535?
5
What is the hundreds digit of 170429?
4
What is the hundreds digit of 1257?
2
What is the thousands digit of 3560?
3
What is the hundreds digit of 5301?
3
What is the hundreds digit of 23235?
2
What is the hundreds digit of 73345?
3
What is the thousands digit of 5189?
5
What is the units digit of 1028?
8
What is the tens digit of 6605?
0
What is the units digit of 985?
5
What is the hundreds digit of 1843?
8
What is the units digit of 6432?
2
What is the tens digit of 41?
4
What is the thousands digit of 2350?
2
What is the thousands digit of 3439?
3
What is the units digit of 174?
4
What is the units digit of 26111?
1
What is the thousands digit of 61093?
1
What is the units digit of 546?
6
What is the tens digit of 5115?
1
What is the tens digit of 1337?
3
What is the hundreds digit of 1129?
1
What is the hundreds digit of 156?
1
What is the thousands digit of 1020?
1
What is the hundreds digit of 5237?
2
What is the tens digit of 104184?
8
What is the tens digit of 870?
7
What is the units digit of 1172?
2
What is the ten thousands digit of 22629?
2
What is the hundreds digit of 7332?
3
What is the tens digit of 33172?
7
What is the ten thousands digit of 42139?
4
What is the hundreds digit of 16713?
7
What is the hundreds digit of 19470?
4
What is the hundreds digit of 68323?
3
What is the units digit of 51399?
9
What is the ten thousands digit of 53366?
5
What is the tens digit of 704?
0
What is the thousands digit of 1267?
1
What is the tens digit of 12919?
1
What is the units digit of 1191?
1
What is the units digit of 294?
4
What is the tens digit of 5679?
7
What is the tens digit of 4658?
5
What is the units digit of 7328?
8
What is the units digit of 4511?
1
What is the hundreds digit of 5163?
1
What is the thousands digit of 11540?
1
What is the hundreds digit of 73738?
7
What is the units digit of 17448?
8
What is the tens digit of 104545?
4
What is the hundreds digit of 43777?
7
What is the units digit of 325?
5
What is the hundreds digit of 7654?
6
What is the ten thousands digit of 22619?
2
What is the thousands digit of 21400?
1
What is the thousands digit of 4284?
4
What is the units digit of 9280?
0
What is the hundred thousands digit of 157269?
1
What is the tens digit of 6792?
9
What is the hundreds digit of 37063?
0
What is the hundreds digit of 19737?
7
What is the units digit of 15674?
4
What is the units digit of 4309?
9
What is the hundreds digit of 29164?
1
What is the hundreds digit of 7299?
2
What is the hundreds digit of 742?
7
What is the hundreds digit of 161879?
8
What is the tens digit of 4294?
9
What is the hundreds digit of 667?
6
What is the tens digit of 1097?
9
What is the units digit of 17792?
2
What is the thousands digit of 1373?
1
What is the thousands digit of 7378?
7
What is the hundreds digit of 461?
4
What is the ten thousands digit of 12751?
1
What is the hundreds digit of 659?
6
What is the ten thousands digit of 176029?
7
What is the hundreds digit of 5789?
7
What is the hundreds digit of 56232?
2
What is the ten thousands digit of 28803?
2
What is the hundreds digit of 32802?
8
What is the tens digit of 2849?
4
What is the tens digit of 45629?
2
What is the thousands digit of 45249?
5
What is the thousands digit of 10768?
0
What is the units digit of 3148?
8
What is the tens digit of 39521?
2
What is the hundreds digit of 4629?
6
What is the hundreds digit of 4900?
9
What is the hundreds digit of 139462?
4
What is the units digit of 11266?
6
What is the hundreds digit of 600?
6
What is the units digit of 20851?
1
What is the tens digit of 9747?
4
What is the tens digit of 844?
4
What is the units digit of 1739?
9
What is the units digit of 6358?
8
What is the tens digit of 1765?
6
What is the hundreds digit of 240?
2
What is the units digit of 688?
8
What is the units digit of 33205?
5
What is the thousands digit of 25687?
5
What is the tens digit of 561?
6
What is the hundreds digit of 12597?
5
What is the hundreds digit of 1101?
1
What is the tens digit of 44290?
9
What is the units digit of 10258?
8
What is the hundreds digit of 238?
2
What is the thousands digit of 3901?
3
What is the thousands digit of 1889?
1
What is the hundred thousands digit of 105737?
1
What is the units digit of 1565?
5
What is the tens digit of 79378?
7
What is the tens digit of 806?
0
What is the hundreds digit of 933?
9
What is the hundreds digit of 12150?
1
What is the ten thousands digit of 31713?
3
What is the units digit of 13373?
3
What is the hundreds digit of 44832?
8
What is the units digit of 900?
0
What is the hundreds digit of 7614?
6
What is the hundreds digit of 130?
1
What is the units digit of 4464?
4
What is the units digit of 57968?
8
What is the units digit of 8136?
6
What is the thousands digit of 3511?
3
What is the ten thousands digit of 79847?
7
What is the hundreds digit of 2255?
2
What is the tens digit of 6810?
1
What is the ten thousands digit of 13669?
1
What is the hundreds digit of 68072?
0
What is the units digit of 501?
1
What is the hundreds digit of 59634?
6
What is the units digit of 4402?
2
What is the hundreds digit of 8922?
9
What is the units digit of 9270?
0
What is the units digit of 1081?
1
What is the thousands digit of 2039?
2
What is the units digit of 557?
7
What is the tens digit of 9243?
4
What is the thousands digit of 159580?
9
What is the thousands digit of 90297?
0
What is the units digit of 884?
4
What is the thousands digit of 49003?
9
What is the hundreds digit of 5262?
2
What is the hundreds digit of 33698?
6
What is the hundreds digit of 8753?
7
What is the hundreds digit of 340?
3
What is the tens digit of 1863?
6
What is the thousands digit of 1968?
1
What is the tens digit of 7515?
1
What is the tens digit of 86?
8
What is the units digit of 10654?
4
What is the tens digit of 14419?
1
What is the tens digit of 2013?
1
What is the tens digit of 1517?
1
What is the units digit of 32454?
4
What is the units digit of 17397?
7
What is the units digit of 639?
9
What is the thousands digit of 1259?
1
What is the tens digit of 1302?
0
What is the units digit of 1054?
4
What is the units digit of 268?
8
What is the units digit of 659?
9
What is the thousands digit of 8755?
8
What is the hundreds digit of 64082?
0
What is the tens digit of 670?
7
What is the hundred thousands digit of 156840?
1
What is the hundreds digit of 2146?
1
What is the tens digit of 4438?
3
What is the tens digit of 64819?
1
What is the hundreds digit of 261?
2
What is the hundreds digit of 579?
5
What is the hundreds digit of 278?
2
What is the units digit of 184?
4
What is the hundreds digit of 6671?
6
What is the hundreds digit of 8329?
3
What is the ten thousands digit of 13169?
1
What is the tens digit of 2619?
1
What is the tens digit of 7421?
2
What is the units digit of 1539?
9
What is the tens digit of 5778?
7
What is the thousands digit of 1245?
1
What is the tens digit of 6800?
0
What is the units digit of 7395?
5
What is the tens digit of 377?
7
What is the units digit of 23296?
6
What is the tens digit of 289?
8
What is the thousands digit of 5140?
5
What is the thousands digit of 1808?
1
What is the units digit of 534?
4
What is the thousands digit of 21872?
1
What is the units digit of 213?
3
What is the ten thousands digit of 63859?
6
What is the tens digit of 22335?
3
What is the units digit of 1494?
4
What is the tens digit of 457?
5
What is the tens digit of 2321?
2
What is the units digit of 6955?
5
What is the thousands digit of 34257?
4
What is the tens digit of 848?
4
What is the ten thousands digit of 11904?
1
What is the tens digit of 2666?
6
What is the units digit of 7959?
9
What is the thousands digit of 2114?
2
What is the ten thousands digit of 40904?
4
What is the ten thousands digit of 95861?
9
What is the thousands di